
2
Let c = -38 - -68. Let g(v) = v**2 - 29*v - 27. Let p be g(c). Suppose 50 = -p*i + 8*i. Let h(y) = y**2 - 11*y + 10. What is h(i)?
0
Suppose f - 4*m - 33 = 13, 4*f - 94 = -2*m. Let r = 48 - f. Suppose -r = 4*w + j, -w = -j - 1 + 9. Let a(h) = h - 8. Calculate a(w).
-14
Let v(x) = x**2 - 2*x + 2. Suppose -154*o = -147*o - 2436. Let r = 348 - o. Give v(r).
2
Suppose -d - 13 = -7. Let b be 4 + d/1 + -1*8. Let m(i) = -i**2 - 10*i + 7. What is m(b)?
7
Let b(h) = -2*h**2 - 7*h - 6. Let s = -1544 + 890. Let t = -658 - s. Give b(t).
-10
Let v(d) = 119*d**2 - 7*d + 12. Let q(w) = 35*w**2 - 2*w + 4. Let m(j) = -7*q(j) + 2*v(j). Calculate m(2).
-32
Suppose 1983*n = 1971*n + 96. Let w(g) = 0*g**2 - 7*g + 3 - 15 + g**2. Determine w(n).
-4
Let y(v) = -13*v**2 + 1. Let i(q) = 61*q**2 + q - 2. Let d(h) = i(h) + 4*y(h). What is d(-1)?
10
Let f(g) = g**3 + 3*g**2 - 6*g - 2. Suppose -4*x - 30 = 2*v, -3*v + 65*x = 68*x + 27. Calculate f(v).
16
Let x(b) = 2*b**3 - 6*b**2. Let i(j) = -3*j**3 - 9*j**2 - 47*j + 35. Let p(v) = i(v) + 2*x(v). What is p(23)?
12
Let a = 615 + -600. Let o be a + -7 + -1 + 3. Let h(i) = -i**2 + 10*i + 2. What is h(o)?
2
Suppose -3*d + 4*f - 1 = 0, -3*d + 11 = f - 8. Let i(s) = d*s**2 - 6*s**3 + 2*s**3 - 2*s**3 + 5*s**3 - 3. Calculate i(5).
-3
Let t(g) be the first derivative of -g**6/60 + g**5/30 - g**4/12 + g**3/3 + 77*g**2 + 157. Let y(l) be the second derivative of t(l). Determine y(2).
-10
Suppose 6*b - 3*j + 555 = 3*b, 0 = 5*b + 3*j + 925. Let p = 189 + b. Let x(q) = -3*q + 6. Give x(p).
-6
Let m(r) = -3*r**2 - 99*r - 4. Let k(h) = h**2 + 40*h + 2. Let w(s) = -5*k(s) - 2*m(s). Give w(-2).
6
Let q(v) be the second derivative of -65*v - 9*v**2 + 0 - 1/2*v**3. Give q(-6).
0
Suppose 4*x - 20 = 0, -5*q + 3*x + 155 = -0*x. Let a = -31 + q. Let n(u) = 4*u**a - 2*u - 3*u**3 + 2*u**2 + 3*u + 2*u**3. Calculate n(-1).
-2
Let d(m) = -28 - 319*m**3 - 27 + 50 - 9*m**2 + 318*m**3 - 9*m. Suppose h + l + 4 = -7, 34 = -5*h + 2*l. Give d(h).
3
Let k(u) = u**3 + 6*u**2 - u - 1. Let g(s) = 2*s**2 + 10*s - 18. Suppose 0 = 41*r + 205 + 41. Let j be g(r). What is k(j)?
5
Let v(h) = -h**3 + 4*h**2 + h - 2. Suppose 540 = 7*k - 4*k. Let y = k + -176. What is v(y)?
2
Let z(k) = 65*k**2 + 7*k - 6. Let g(a) = -119*a**2 - 13*a + 11. Let q(c) = 6*g(c) + 11*z(c). What is q(2)?
2
Let p(t) = -t**3 + t**2 - 4*t + 2*t**3 - 1 - 2 - 2. Let o be 470/(-282) - (-3)/(-1 + -8). What is p(o)?
-1
Let u = -191 - -202. Let v(s) = u*s**2 + 4031 + s**3 + 10*s - 4044 + s**2 + 0*s**3. What is v(-11)?
-2
Let b(d) = -400*d**2 - 32*d - 938. Let g(u) = 160*u**2 + 13*u + 391. Let l(o) = 5*b(o) + 12*g(o). Determine l(1).
-82
Let j(x) = x**3 + 4*x**2 - x + 1. Let h(q) be the third derivative of -q**6/120 - 7*q**5/60 - q**4/8 + 7*q**3/3 - 9*q**2 - 1. Let v be h(-6). Calculate j(v).
5
Let q(o) be the third derivative of 0*o**3 + 0*o - o**2 + 1/30*o**5 - 1/240*o**6 - 11/24*o**4 + 0. Let r(z) be the second derivative of q(z). Determine r(3).
-5
Let h be (2 - -2 - 5)/(-1). Let v be 2/(-4)*2 - (-4)/h. Let l(g) = 2 - 4*g + v*g + 4*g - g. Calculate l(3).
8
Let m(o) = -23*o - 128. Let y(p) = 49*p + 241. Let h(i) = 9*m(i) + 4*y(i). Calculate h(-18).
10
Suppose 3*d = o + 12, -3*o + 18*d = 19*d + 26. Let h = o + 8. Let m(j) be the first derivative of -j**2/2 + j - 1. What is m(h)?
2
Let v be (7 - 4)*40/(-12). Let u(d) be the first derivative of -d**4/4 - 10*d**3/3 - 3*d**2/2 - 5*d + 3. Determine u(v).
25
Let c(i) = 7*i**3 - 11*i**2 + 24*i + 5. Let g(b) = 24*b**3 - 32*b**2 + 72*b + 14. Let d(w) = 7*c(w) - 2*g(w). Calculate d(11).
29
Let l(k) = k**3 - k**2 - 2*k + 2. Let p be l(1). Let u(f) = -294 + p*f + 287 + f. What is u(5)?
-2
Let k(n) = -n + 26. Let o be k(14). Suppose 0*y - o = -4*y. Let b(m) = 6 + y*m + 3 - 2*m - 8. Calculate b(4).
5
Let n(d) = -3*d**2 - 4*d**3 + d**3 + 15*d**2 + 2 - d - 7*d**2. Give n(2).
-4
Suppose -5*d - 4 = -6*d, 306 = 2*b + 3*d. Let l(s) = -s - b - 144 + 293. Give l(-5).
7
Let a(c) = c**2 + 4*c - 4. Let t be a(-4). Let l(n) = 184 - n - 46 - 84 + 0*n - 57. Calculate l(t).
1
Let i(h) = -h**3 + 2*h - 2. Let w be 209/2 + (27/(-6))/9. Let s = w - 102. Let q(b) = 7*b - 12. Let l be q(s). Give i(l).
-6
Let i(u) = -250*u + 97. Let y(w) = -88*w + 37. Let c(n) = -6*i(n) + 17*y(n). Determine c(-19).
-29
Suppose -3*x - 2 = -4*b - 0*x, b + 5*x = 12. Let v(z) = 2*z**2 - 4*z**b + z - 3 + 3*z**2 - 2*z**2. Let q be 4/(-18) + (-850)/306. Determine v(q).
-15
Let s(z) = -143*z - 120*z + 389*z - 125*z. Determine s(10).
10
Let h(g) = -3*g + 177. Let i(f) = -2*f - 2. Let q(r) = h(r) + 2*i(r). Let z be q(24). Let c(d) = -5*d + 2. Determine c(z).
-23
Let z(b) = b - 4. Let d be z(6). Let r(q) = 16*q + 58*q + 50*q - 5*q**2 - 170*q + 48*q. What is r(d)?
-16
Let o(q) be the first derivative of 0*q - 1/2*q**2 + 16 - 2/3*q**3. What is o(-1)?
-1
Let o(v) = 21*v - 19. Let x(s) = 93*s - 74. Let m(a) = -9*o(a) + 2*x(a). Give m(17).
-28
Let b(n) = -2*n**2 + 7*n + 1. Suppose 14*i + 2 = 12*i. Let p be (28/(-12) + i)*3/(-2). Calculate b(p).
-14
Let d(z) = -z**2 - 23*z + 482. Let t(p) = p**2 + 24*p - 441. Let m(f) = 3*d(f) + 4*t(f). Calculate m(-36).
6
Suppose -4*n + q = -182, 3*n + 128 = 6*n - 5*q. Let l(u) = u**3 - 9 - 14*u**2 + n*u**2 - 8*u**2 - 16*u**2 + 6*u. What is l(-7)?
-2
Let i(o) = -12*o + 36. Suppose -5*h = -0*h - 45. Let w(q) = 20*q + 16 + 24*q - 69*q - 7 + 22*q. Let j(a) = h*w(a) - 2*i(a). Calculate j(6).
-9
Suppose 3 = 8*g - 13. Let s(p) = -4*p + 6*p**2 + 16 - 19 - 5*p**2 + g*p**3. Determine s(-2).
-7
Suppose -3*w - 2*g - 5 = 5, 2*w - 4*g + 12 = 0. Let n(c) = -6*c - 24. Calculate n(w).
0
Let r(f) = -4*f + 1. Let z be r(-4). Let x(p) = -12*p**2 + 27*p + 34. Let n(c) = 31*c**2 - 67*c - 84. Let a(w) = 5*n(w) + 13*x(w). Give a(z).
5
Let l(r) = -r**3 + 2*r**2 - 2*r + 7. Let a be l(2). Let u(f) = -6*f**2 - 2*f**2 + 42*f**3 + 40*f**a - 83*f**3 - 7*f + 3. Calculate u(-7).
3
Let h(r) = -1189*r + 7142. Let d be h(6). Let n(i) = -i**3 + 9*i**2 - 3*i - 18. Give n(d).
22
Let j be 8/44 - (-19)/((-2717)/(-546)). Suppose 7 - 15 = -2*l. Suppose 4*u - 2 + 10 = -2*f, -j*f = 3*u - l. Let t(g) = g - 1. What is t(u)?
-5
Let d(n) = 75*n + 80*n - 215*n + 21 + 105*n + n**2. Calculate d(-45).
21
Let q(i) = 2*i**2 + 5*i - 1. Let k(g) = -11*g**2 - 60. Let w(l) = k(l) + 5*q(l). What is w(22)?
1
Suppose 8*u - 342 = 1450. Suppose 223*v - u*v = -1. Let t(b) = 23*b**3 - 2*b**2 + 1. Give t(v).
22
Let t(k) = -k - 1. Let y(b) = -27*b - 2892. Let i be y(-107). Calculate t(i).
2
Suppose -3*n + 31 = 2*n - b, -3*n = 2*b - 16. Suppose -n*x = -9*x. Let c(f) be the third derivative of -f**4/24 + f**3 + 1686*f**2. What is c(x)?
6
Let m(g) = 3*g - 6 - 3*g**2 + 4*g**2 - 4*g. Let b(h) = 3*h**3 - 63*h**2 + 55*h + 105. Let t be b(20). Determine m(t).
14
Let g(t) = -3*t - 3. Let n be g(-2). Let k(q) = 4*q + 50*q**3 - 20*q**3 - 16*q**3 + q**2 - 15*q**3 + 4. What is k(n)?
-2
Let u(z) be the second derivative of 3/2*z**2 + 1/6*z**3 + 0 - 6*z. Suppose -2*w - 9 = w. What is u(w)?
0
Let g(k) = -19796 + 0*k + 9*k + 19871. Determine g(-9).
-6
Let l(z) = -93*z + 95*z - 2 + 16. Let u be l(13). Let a be 15/10*u/12. Let t(c) = c**2 - 7*c + 4. Determine t(a).
-6
Let a(h) = -h**2 + 31*h + 10. Suppose 311*u + 96 = 3*n + 314*u, 2*n - 5*u = 57. Determine a(n).
10
Let i(r) be the first derivative of 7/120*r**5 - 5 + 10/3*r**3 + 0*r**2 + 0*r + 0*r**4. Let v(w) be the third derivative of i(w). Give v(-1).
-7
Let x(w) be the second derivative of -5*w**4/12 - 139*w. Suppose 1 = 3*m + 4. Determine x(m).
-5
Let x(q) = -q + 31 - 31 - 13 - 21. Give x(-15).
-19
Let o(q) be the second derivative of q**5/20 - 5*q**4/6 + q**3/6 - 3*q**2 + 4*q. Let g be 2/6 + 1044/108. Give o(g).
4
Let d(h) = h - 1. Let u = -131 - -245. Let p = u + -107. Calculate d(p).
6
Let d(q) = q**2 - 20*q + 66. Let a(t) = -4*t + 35. Let u(o) = -5*a(o) + 3*d(o). Calculate u(13).
10
Let u be 16/7 + 8/(-28). Let k(q) = -798*q**2 + 791*q**2 - 3*q**3 + 2*q + u*q**3 - 1. What is k(-7)?
-15
Let x(o) = o**3 - 2*o**2 + 2*o - 12. Suppose 165 = 2*z + 1449. Let g = z + 642. Give x(g).
-12
Let t(r) = -4*r**2 - r - 3. Let v(g) = 3*g**2 + 2*g + 2. Let o(m) = t(m) + v(m). Suppose -5*u + y - 24 = -u, 0 = 4*u + 5*y. Let l = u - -8. Calculate o(l).
-7
Let f(o) = -o**3 - 6*o**2 + 9*o + 16. Let v be f(-7). Let l(u) = -2*u*